{"id":26336,"date":"2019-11-01T16:11:58","date_gmt":"2019-11-01T22:11:58","guid":{"rendered":"http:\/\/premiosinmobiliarios.com.mx\/?page_id=26336"},"modified":"2020-08-06T20:35:59","modified_gmt":"2020-08-07T02:35:59","slug":"proceso2019","status":"publish","type":"page","link":"https:\/\/premiosinmobiliarios.com.mx\/?page_id=26336","title":{"rendered":"Proceso"},"content":{"rendered":"<p>[vc_section full_width=&#8221;stretch_row&#8221; css=&#8221;.vc_custom_1572646762758{background-image: url(http:\/\/premiosinmobiliarios.com.mx\/wp-content\/uploads\/2019\/10\/piv2019_wordpress_home_background.jpg?id=26310) !important;background-position: center !important;background-repeat: no-repeat !important;background-size: cover !important;}&#8221;][vc_row][vc_column width=&#8221;2\/3&#8243;][vc_empty_space height=&#8221;60px&#8221;][vc_column_text]<\/p>\n<h2><span style=\"color: #f4d93a;\">PROCESO DE PREMIACI\u00d3N<\/span><\/h2>\n<p>[\/vc_column_text][vc_column_text]<span style=\"color: #ffffff;\">Los \u201cPremios Inmobiliarios\u201d ser\u00e1n basados en una mec\u00e1nica sencilla pero a la vez exigente, con reglas claras y un jurado experto, representativo e imparcial para elegir a lo mejor del sector inmobiliario del 2019.<\/span>[\/vc_column_text][vc_empty_space height=&#8221;60px&#8221;][\/vc_column][vc_column width=&#8221;1\/3&#8243;][\/vc_column][\/vc_row][vc_row gap=&#8221;15&#8243; equal_height=&#8221;yes&#8221; css_animation=&#8221;bottom-to-top&#8221;][vc_column width=&#8221;1\/4&#8243; css=&#8221;.vc_custom_1575908554357{background-color: rgba(255,255,255,0.06) !important;background-position: center !important;background-repeat: no-repeat !important;background-size: cover !important;*background-color: rgb(255,255,255) !important;}&#8221;][vc_single_image image=&#8221;26331&#8243; img_size=&#8221;100&#215;100&#8243; alignment=&#8221;center&#8221;][vc_column_text css=&#8221;.vc_custom_1581969372280{background-color: #190729 !important;}&#8221;]<\/p>\n<p style=\"text-align: center;\"><span style=\"color: #ffffff; font-size: 14pt;\"><strong>NOMINACI\u00d3N<\/strong><\/span><\/p>\n<p>[\/vc_column_text][vc_column_text]<\/p>\n<p style=\"text-align: center;\"><span style=\"color: #ffffff;\"><strong>Del 4 de noviembre al 8 de diciembre<\/strong><\/span><\/p>\n<p>[\/vc_column_text]<div class=\"clearboth\"><\/div><div class=\"gem-divider \" style=\"border-color: #ffffc9;\"><\/div>[vc_empty_space height=&#8221;15px&#8221;][vc_column_text]<\/p>\n<p style=\"text-align: center;\"><span style=\"color: #ffffff; font-size: 10pt;\">Nom\u00ednate o nomina a cualquier agente u oficina que consideres merezca ser reconocido por su capacidad y desempe\u00f1o.<\/span><\/p>\n<p style=\"text-align: center;\"><span style=\"color: #ffffff; font-size: 10pt;\"><span style=\"font-size: 10pt;\">Las 12 oficinas por cada regi\u00f3n, 12 mujeres y 12 hombres con mayor n\u00famero de nominaciones pasar\u00e1n a la etapa de votaci\u00f3n.<\/span><\/span><\/p>\n<p>[\/vc_column_text][\/vc_column][vc_column width=&#8221;1\/4&#8243; css=&#8221;.vc_custom_1581969287958{background-color: rgba(255,255,255,0.06) !important;*background-color: rgb(255,255,255) !important;}&#8221;][vc_single_image image=&#8221;26332&#8243; img_size=&#8221;100&#215;100&#8243; alignment=&#8221;center&#8221;][vc_column_text css=&#8221;.vc_custom_1581969365834{background-color: #190729 !important;}&#8221;]<\/p>\n<p style=\"text-align: center;\"><span style=\"color: #ffffff;\">VOTACI\u00d3N<\/span><\/p>\n<p>[\/vc_column_text][vc_column_text]<\/p>\n<p style=\"text-align: center;\"><span style=\"color: #ffffff;\"><strong>Del 13 enero al 16 de febrero<\/strong><\/span><\/p>\n<p>[\/vc_column_text]<div class=\"clearboth\"><\/div><div class=\"gem-divider \" style=\"border-color: #ffffff;\"><\/div>[vc_empty_space height=&#8221;15px&#8221;][vc_column_text]<\/p>\n<p style=\"text-align: center;\"><span style=\"color: #ffffff; font-size: 10pt;\">El p\u00fablico en general y profesionales inmobiliarios podr\u00e1n votar por aquellos agentes, empresas y servicios que consideren merecen ser reconocidos.<\/span><\/p>\n<p>[\/vc_column_text][\/vc_column][vc_column width=&#8221;1\/4&#8243; css=&#8221;.vc_custom_1582736647593{background-color: rgba(255,255,255,0.06) !important;*background-color: rgb(255,255,255) !important;}&#8221;][vc_single_image image=&#8221;26333&#8243; img_size=&#8221;100&#215;100&#8243; alignment=&#8221;center&#8221;][vc_column_text css=&#8221;.vc_custom_1582736690606{background-color: #190729 !important;}&#8221;]<\/p>\n<p style=\"text-align: center;\"><span style=\"color: #ffffff;\">DELIBERACI\u00d3N<\/span><\/p>\n<p>[\/vc_column_text][vc_column_text]<\/p>\n<p style=\"text-align: center;\"><span style=\"color: #ffffff;\"><strong>Del 17 al 25 de febrero<\/strong><\/span><\/p>\n<p>[\/vc_column_text]<div class=\"clearboth\"><\/div><div class=\"gem-divider \" style=\"border-color: #ffffff;\"><\/div>[vc_empty_space height=&#8221;15px&#8221;][vc_column_text]<\/p>\n<p style=\"text-align: center;\"><span style=\"font-size: 10pt; color: #ffffff;\">Los participantes ser\u00e1n juzgados por un equipo altamente experimentado de profesionales que cubren una variedad de disciplinas relacionadas a la industria.<\/span><\/p>\n<p style=\"text-align: center;\"><span style=\"font-size: 10pt; color: #ffffff;\">El jurado utilizar\u00e1 criterios s\u00f3lidos para asegurar que el proceso de\u00a0 selecci\u00f3n de finalistas sea equitativo e imparcial.<\/span><\/p>\n<p>[\/vc_column_text][\/vc_column][vc_column width=&#8221;1\/4&#8243; css=&#8221;.vc_custom_1582736745807{background-color: #ffffff !important;}&#8221;][vc_single_image image=&#8221;26334&#8243; img_size=&#8221;100&#215;100&#8243; alignment=&#8221;center&#8221;][vc_column_text css=&#8221;.vc_custom_1582736700443{background-color: #190729 !important;}&#8221;]<\/p>\n<p style=\"text-align: center;\"><span style=\"color: #f4d93a;\">PUBLICACI\u00d3N DE FINALISTAS<\/span><\/p>\n<p>[\/vc_column_text][vc_column_text]<\/p>\n<p style=\"text-align: center;\"><span style=\"color: #190729;\"><strong>26 de febrero<\/strong><\/span><\/p>\n<p>[\/vc_column_text]<div class=\"clearboth\"><\/div><div class=\"gem-divider \" style=\"border-color: #190729;\"><\/div>[vc_empty_space height=&#8221;15px&#8221;][vc_column_text]<\/p>\n<p class=\"p1\" style=\"text-align: center;\"><span style=\"color: #190729; font-size: 10pt;\">El jurado otorgar\u00e1 la aprobaci\u00f3n final de 5 finalistas por categor\u00eda los cuales ser\u00e1n publicados en el sitio web. La decisi\u00f3n final sobre todos los premios se dejar\u00e1 al panel de jueces, en combinaci\u00f3n con los votos ponderados del p\u00fablico en general.<br \/>\n<\/span><\/p>\n<p class=\"p1\" style=\"text-align: center;\"><span style=\"font-size: 10pt; color: #190729;\">Los ganadores ser\u00e1n revelados en la premiaci\u00f3n virtual el pr\u00f3ximo 6 de agosto a las 6:30 pm.<\/span><\/p>\n<p>[\/vc_column_text][\/vc_column][\/vc_row][vc_row][vc_column][vc_empty_space height=&#8221;60px&#8221;][\/vc_column][\/vc_row][\/vc_section][vc_section full_width=&#8221;stretch_row&#8221; css=&#8221;.vc_custom_1572647750466{background-image: url(http:\/\/premiosinmobiliarios.com.mx\/wp-content\/uploads\/2019\/03\/2_PVIVA-390.jpg?id=26098) !important;background-position: center !important;background-repeat: no-repeat !important;background-size: cover !important;}&#8221;][vc_row css=&#8221;.vc_custom_1572647917761{background-color: rgba(25,7,41,0.84) !important;*background-color: rgb(25,7,41) !important;}&#8221;][vc_column][vc_empty_space height=&#8221;30px&#8221;][vc_column_text]<\/p>\n<h2 style=\"text-align: center;\"><span style=\"color: #f4d93a;\">LOS GANADORES EST\u00c1N AQU\u00cd<\/span><\/h2>\n<p>[\/vc_column_text][vc_empty_space height=&#8221;30px&#8221;][vc_btn title=&#8221;CON\u00d3CELOS&#8221; style=&#8221;gradient-custom&#8221; gradient_custom_color_1=&#8221;#ffaa00&#8243; gradient_custom_color_2=&#8221;#fbeca9&#8243; gradient_text_color=&#8221;#190729&#8243; shape=&#8221;square&#8221; size=&#8221;lg&#8221; align=&#8221;center&#8221; i_align=&#8221;right&#8221; i_icon_fontawesome=&#8221;fa fa-angle-right&#8221; add_icon=&#8221;true&#8221; link=&#8221;url:http%3A%2F%2Fpremiosinmobiliarios.com.mx%2Fganadores2019%2F|title:Ganadores||&#8221;][vc_empty_space height=&#8221;30px&#8221;][\/vc_column][\/vc_row][vc_row][vc_column][vc_empty_space height=&#8221;30px&#8221;][\/vc_column][\/vc_row][\/vc_section]<\/p>\n","protected":false},"excerpt":{"rendered":"<p>[vc_section full_width=&#8221;stretch_row&#8221; css=&#8221;.vc_custom_1572646762758{background-image: url(http:\/\/premiosinmobiliarios.com.mx\/wp-content\/uploads\/2019\/10\/piv2019_wordpress_home_background.jpg?id=26310) !important;background-position: center !important;background-repeat: no-repeat !important;background-size: cover !important;}&#8221;][vc_row][vc_column width=&#8221;2\/3&#8243;][vc_empty_space height=&#8221;60px&#8221;][vc_column_text] PROCESO DE PREMIACI\u00d3N [\/vc_column_text][vc_column_text]Los \u201cPremios Inmobiliarios\u201d ser\u00e1n&#8230;<\/p>\n","protected":false},"author":2,"featured_media":0,"parent":0,"menu_order":9,"comment_status":"closed","ping_status":"closed","template":"","meta":[],"_links":{"self":[{"href":"https:\/\/premiosinmobiliarios.com.mx\/index.php?rest_route=\/wp\/v2\/pages\/26336"}],"collection":[{"href":"https:\/\/premiosinmobiliarios.com.mx\/index.php?rest_route=\/wp\/v2\/pages"}],"about":[{"href":"https:\/\/premiosinmobiliarios.com.mx\/index.php?rest_route=\/wp\/v2\/types\/page"}],"author":[{"embeddable":true,"href":"https:\/\/premiosinmobiliarios.com.mx\/index.php?rest_route=\/wp\/v2\/users\/2"}],"replies":[{"embeddable":true,"href":"https:\/\/premiosinmobiliarios.com.mx\/index.php?rest_route=%2Fwp%2Fv2%2Fcomments&post=26336"}],"version-history":[{"count":0,"href":"https:\/\/premiosinmobiliarios.com.mx\/index.php?rest_route=\/wp\/v2\/pages\/26336\/revisions"}],"wp:attachment":[{"href":"https:\/\/premiosinmobiliarios.com.mx\/index.php?rest_route=%2Fwp%2Fv2%2Fmedia&parent=26336"}],"curies":[{"name":"wp","href":"https:\/\/api.w.org\/{rel}","templated":true}]}}